{"id":17,"date":"2023-05-14T18:25:16","date_gmt":"2023-05-14T16:25:16","guid":{"rendered":"https:\/\/b4coding.ch\/?page_id=17"},"modified":"2025-08-14T15:50:01","modified_gmt":"2025-08-14T13:50:01","slug":"impressum","status":"publish","type":"page","link":"https:\/\/b4coding.dev\/index.php\/impressum\/","title":{"rendered":"IMPRESSUM"},"content":{"rendered":"\n<p><strong>F\u00fcr den Inhalt verantwortlich<\/strong><\/p>\n\n\n\n<p>B4Coding B\u00fcttiker<br>Peter B\u00fcttiker<\/p>\n\n\n\n<p><strong>Adresse<\/strong><br>Baumgartenstrasse 6<br>CH &#8211; 4900 Langenthal<br>Mobile +41 (0)79 564 46 33<br><br>Email: info(at)b4coding.dev<br>Web: https:\/\/www.b4coding.dev<br><br><strong>Haftungsausschluss<\/strong><br>Trotz sorgf\u00e4ltiger Pr\u00fcfung k\u00f6nnen wir keine Haftung f\u00fcr den Inhalt externer Links \u00fcbernehmen. F\u00fcr den Inhalt dieser Seiten sind ausschliesslich deren Betreiber verantwortlich.<br><br><strong>Copyright<\/strong><br>Die Inhalte und Werke auf diesen Seiten sind durch die Urheberrechtsgesetze der Schweiz geregelt. Die Vervielf\u00e4ltigung, Bearbeitung, Verbreitung und jede Art der Verwertung ausserhalb der Grenzen des Urheberrechtes bed\u00fcrfen der vorherigen schriftlichen Zustimmung des jeweiligen Autors bzw. Erstellers.<\/p>\n","protected":false},"excerpt":{"rendered":"<p>F\u00fcr den Inhalt verantwortlich B4Coding B\u00fcttikerPeter B\u00fcttiker AdresseBaumgartenstrasse 6CH &#8211; 4900 LangenthalMobile +41 (0)79 564 46 33 Email: info(at)b4coding.devWeb: https:\/\/www.b4coding.dev HaftungsausschlussTrotz sorgf\u00e4ltiger Pr\u00fcfung k\u00f6nnen wir keine Haftung f\u00fcr den Inhalt externer Links \u00fcbernehmen. F\u00fcr den Inhalt dieser Seiten sind ausschliesslich deren Betreiber verantwortlich. CopyrightDie Inhalte und Werke auf diesen Seiten sind durch die Urheberrechtsgesetze der [&hellip;]<\/p>\n","protected":false},"author":1,"featured_media":0,"parent":0,"menu_order":0,"comment_status":"closed","ping_status":"closed","template":"impressum.php","meta":{"footnotes":""},"class_list":["post-17","page","type-page","status-publish","hentry"],"_links":{"self":[{"href":"https:\/\/b4coding.dev\/index.php\/wp-json\/wp\/v2\/pages\/17","targetHints":{"allow":["GET"]}}],"collection":[{"href":"https:\/\/b4coding.dev\/index.php\/wp-json\/wp\/v2\/pages"}],"about":[{"href":"https:\/\/b4coding.dev\/index.php\/wp-json\/wp\/v2\/types\/page"}],"author":[{"embeddable":true,"href":"https:\/\/b4coding.dev\/index.php\/wp-json\/wp\/v2\/users\/1"}],"replies":[{"embeddable":true,"href":"https:\/\/b4coding.dev\/index.php\/wp-json\/wp\/v2\/comments?post=17"}],"version-history":[{"count":4,"href":"https:\/\/b4coding.dev\/index.php\/wp-json\/wp\/v2\/pages\/17\/revisions"}],"predecessor-version":[{"id":95,"href":"https:\/\/b4coding.dev\/index.php\/wp-json\/wp\/v2\/pages\/17\/revisions\/95"}],"wp:attachment":[{"href":"https:\/\/b4coding.dev\/index.php\/wp-json\/wp\/v2\/media?parent=17"}],"curies":[{"name":"wp","href":"https:\/\/api.w.org\/{rel}","templated":true}]}}